{"id":3971,"date":"2019-04-30T11:33:30","date_gmt":"2019-04-30T09:33:30","guid":{"rendered":"https:\/\/www.mado.de\/produits\/cutters\/machines-sur-pieds\/"},"modified":"2019-04-30T11:33:30","modified_gmt":"2019-04-30T09:33:30","slug":"machines-sur-pieds","status":"publish","type":"page","link":"https:\/\/www.mado.de\/fr\/produits\/cutters\/machines-sur-pieds\/","title":{"rendered":"Machines sur pieds"},"content":{"rendered":"<p>[et_pb_section fb_built=\u00a0\u00bb1&Prime; custom_padding_last_edited=\u00a0\u00bbon|phone\u00a0\u00bb _builder_version=\u00a0\u00bb3.21.1&Prime; use_background_color_gradient=\u00a0\u00bbon\u00a0\u00bb background_color_gradient_start=\u00a0\u00bbrgba(0,0,0,0.73)\u00a0\u00bb background_color_gradient_end=\u00a0\u00bbrgba(0,0,0,0.3)\u00a0\u00bb background_color_gradient_direction=\u00a0\u00bb69deg\u00a0\u00bb background_color_gradient_start_position=\u00a0\u00bb54%\u00a0\u00bb background_color_gradient_end_position=\u00a0\u00bb75%\u00a0\u00bb background_color_gradient_overlays_image=\u00a0\u00bbon\u00a0\u00bb background_image=\u00a0\u00bbhttps:\/\/www.mado.de\/wp-content\/uploads\/2019\/03\/hero-kutter.jpg\u00a0\u00bb background_position=\u00a0\u00bbcenter_left\u00a0\u00bb custom_margin=\u00a0\u00bb||\u00a0\u00bb custom_padding=\u00a0\u00bb75px||75px||false|false\u00a0\u00bb custom_padding_tablet=\u00a0\u00bb100px||125px\u00a0\u00bb custom_padding_phone=\u00a0\u00bb75px||75px\u00a0\u00bb bottom_divider_color=\u00a0\u00bb#edecea\u00a0\u00bb bottom_divider_flip=\u00a0\u00bbhorizontal\u00a0\u00bb bottom_divider_height_tablet=\u00a0\u00bb70px\u00a0\u00bb bottom_divider_height_phone=\u00a0\u00bb50px\u00a0\u00bb bottom_divider_height_last_edited=\u00a0\u00bbon|phone\u00a0\u00bb][et_pb_row custom_padding=\u00a0\u00bb50px||50px|0|false|false\u00a0\u00bb custom_padding_tablet=\u00a0\u00bb|||\u00a0\u00bb custom_padding_phone=\u00a0\u00bb|||\u00a0\u00bb custom_margin=\u00a0\u00bb|||\u00a0\u00bb custom_padding_last_edited=\u00a0\u00bbon|phone\u00a0\u00bb _builder_version=\u00a0\u00bb3.21.1&Prime; animation_style=\u00a0\u00bbslide\u00a0\u00bb animation_direction=\u00a0\u00bbbottom\u00a0\u00bb hover_enabled=\u00a0\u00bb0&Prime;][et_pb_column type=\u00a0\u00bb4_4&Prime; _builder_version=\u00a0\u00bb3.0.47&Prime;][et_pb_text admin_label=\u00a0\u00bbH1 &#8211; Produktkategorie\u00a0\u00bb _builder_version=\u00a0\u00bb3.19.18&Prime; header_text_shadow_style=\u00a0\u00bbpreset3&Prime; header_text_shadow_color=\u00a0\u00bb#000000&Prime; background_layout=\u00a0\u00bbdark\u00a0\u00bb animation_direction=\u00a0\u00bbbottom\u00a0\u00bb]<\/p>\n<h1>Cutters | Machines sur pieds<\/h1>\n<p>[\/et_pb_text][et_pb_text admin_label=\u00a0\u00bbH4 &#8211; Subline\u00a0\u00bb _builder_version=\u00a0\u00bb3.19.18&Prime; text_text_shadow_style=\u00a0\u00bbpreset3&Prime; header_text_shadow_style=\u00a0\u00bbpreset3&Prime; header_text_shadow_color=\u00a0\u00bb#000000&Prime; background_layout=\u00a0\u00bbdark\u00a0\u00bb custom_margin=\u00a0\u00bb-30px||\u00a0\u00bb custom_margin_tablet=\u00a0\u00bb-35px|||\u00a0\u00bb custom_margin_phone=\u00a0\u00bb-35px||\u00a0\u00bb custom_margin_last_edited=\u00a0\u00bbon|phone\u00a0\u00bb animation_direction=\u00a0\u00bbbottom\u00a0\u00bb]<\/p>\n<h4>Technique de pointe pour le travail moderne de la viande<\/h4>\n<p>[\/et_pb_text][\/et_pb_column][\/et_pb_row][\/et_pb_section][et_pb_section fb_built=\u00a0\u00bb1&Prime; _builder_version=\u00a0\u00bb3.21.1&Prime; background_color=\u00a0\u00bb#ffffff\u00a0\u00bb custom_padding=\u00a0\u00bb80px|0px|80px|0px|false|false\u00a0\u00bb][et_pb_row _builder_version=\u00a0\u00bb3.21.1&Prime;][et_pb_column type=\u00a0\u00bb4_4&Prime; _builder_version=\u00a0\u00bb3.0.47&Prime;][et_pb_portfolio fullwidth=\u00a0\u00bboff\u00a0\u00bb posts_number=\u00a0\u00bb30&Prime; include_categories=\u00a0\u00bb51&Prime; show_categories=\u00a0\u00bboff\u00a0\u00bb show_pagination=\u00a0\u00bboff\u00a0\u00bb zoom_icon_color=\u00a0\u00bb#ffffff\u00a0\u00bb hover_overlay_color=\u00a0\u00bbrgba(84,84,84,0.7)\u00a0\u00bb hover_icon=\u00a0\u00bb%%13%%\u00a0\u00bb module_class=\u00a0\u00bbproduct-overview\u00a0\u00bb _builder_version=\u00a0\u00bb3.21.1&Prime; title_level=\u00a0\u00bbh6&Prime; title_font=\u00a0\u00bb||||||||\u00a0\u00bb title_text_align=\u00a0\u00bbcenter\u00a0\u00bb][\/et_pb_portfolio][\/et_pb_column][\/et_pb_row][\/et_pb_section][et_pb_section fb_built=\u00a0\u00bb1&Prime; _builder_version=\u00a0\u00bb3.21.1&Prime; background_color=\u00a0\u00bb#edecea\u00a0\u00bb custom_padding=\u00a0\u00bb80px|0px|80px|0px|false|false\u00a0\u00bb][et_pb_row custom_padding=\u00a0\u00bb27px|0px|0|0px|false|false\u00a0\u00bb _builder_version=\u00a0\u00bb3.21.1&Prime;][et_pb_column type=\u00a0\u00bb3_5&Prime; _builder_version=\u00a0\u00bb3.0.47&Prime;][et_pb_text _builder_version=\u00a0\u00bb3.21.1&Prime; text_font=\u00a0\u00bb||||||||\u00a0\u00bb]<\/p>\n<h5><strong>Machines sur pieds \u2013\u00a0Cutters pour supermarch\u00e9s, cuisines collectives, ventes \u00e0 la ferme ou laboratoires.<\/strong><\/h5>\n<p>[\/et_pb_text][\/et_pb_column][et_pb_column type=\u00a0\u00bb2_5&Prime; _builder_version=\u00a0\u00bb3.0.47&Prime;][\/et_pb_column][\/et_pb_row][et_pb_row custom_padding=\u00a0\u00bb0|0px|27px|0px|false|false\u00a0\u00bb _builder_version=\u00a0\u00bb3.21.1&Prime;][et_pb_column type=\u00a0\u00bb2_3&Prime; _builder_version=\u00a0\u00bb3.0.47&Prime;][et_pb_text _builder_version=\u00a0\u00bb3.21.1&Prime;]Les cutters de la s\u00e9rie GARANT sont les bons outils lorsqu&rsquo;il s&rsquo;agit de confectionner charcuterie et p\u00e2t\u00e9s ou r\u00e9duire herbes et l\u00e9gumes.<\/p>\n<p>Les cutters de MADO, le sp\u00e9cialiste des machines hygi\u00e9niques et rentables pour le travail de la viande, \u00e9conomisent du temps et de l&rsquo;argent et garantissent les meilleurs r\u00e9sultats dans le cutt\u00e9rage de produits de qualit\u00e9.<br \/>\n<b><br \/>\n<\/b>Technique de pointe pour l&rsquo;artisan dans de nombreuses variantes, de 35 \u00e0 130 Litres!<\/p>\n<p>Elles sont con\u00e7ues de mani\u00e8re cons\u00e9quente pour les besoins diff\u00e9renci\u00e9s du travail professionnel de la viande et des GMS. 12 variantes dans cinq tailles diff\u00e9rentes sont \u00e0 disposition. Une technique \u00e9prouv\u00e9e, combin\u00e9e \u00e0 une commande de machine innovante, garantissent dans chaque phase de travail des r\u00e9sultats optimaux.[\/et_pb_text][\/et_pb_column][et_pb_column type=\u00a0\u00bb1_3&Prime; _builder_version=\u00a0\u00bb3.0.47&Prime;][\/et_pb_column][\/et_pb_row][\/et_pb_section]<\/p>\n","protected":false},"excerpt":{"rendered":"<p>Cutters | Machines sur piedsTechnique de pointe pour le travail moderne de la viandeMachines sur pieds \u2013\u00a0Cutters pour supermarch\u00e9s, cuisines collectives, ventes \u00e0 la ferme ou laboratoires.Les cutters de la s\u00e9rie GARANT sont les bons outils lorsqu&rsquo;il s&rsquo;agit de confectionner charcuterie et p\u00e2t\u00e9s ou r\u00e9duire herbes et l\u00e9gumes. Les cutters de MADO, le sp\u00e9cialiste des [&hellip;]<\/p>\n","protected":false},"author":3,"featured_media":0,"parent":3945,"menu_order":0,"comment_status":"closed","ping_status":"closed","template":"","meta":{"_et_pb_use_builder":"on","_et_pb_old_content":"","_et_gb_content_width":"","_expiration-date-status":"","_expiration-date":0,"_expiration-date-type":"","_expiration-date-categories":[],"_expiration-date-options":[]},"acf":[],"_links":{"self":[{"href":"https:\/\/www.mado.de\/fr\/wp-json\/wp\/v2\/pages\/3971"}],"collection":[{"href":"https:\/\/www.mado.de\/fr\/wp-json\/wp\/v2\/pages"}],"about":[{"href":"https:\/\/www.mado.de\/fr\/wp-json\/wp\/v2\/types\/page"}],"author":[{"embeddable":true,"href":"https:\/\/www.mado.de\/fr\/wp-json\/wp\/v2\/users\/3"}],"replies":[{"embeddable":true,"href":"https:\/\/www.mado.de\/fr\/wp-json\/wp\/v2\/comments?post=3971"}],"version-history":[{"count":1,"href":"https:\/\/www.mado.de\/fr\/wp-json\/wp\/v2\/pages\/3971\/revisions"}],"predecessor-version":[{"id":3972,"href":"https:\/\/www.mado.de\/fr\/wp-json\/wp\/v2\/pages\/3971\/revisions\/3972"}],"up":[{"embeddable":true,"href":"https:\/\/www.mado.de\/fr\/wp-json\/wp\/v2\/pages\/3945"}],"wp:attachment":[{"href":"https:\/\/www.mado.de\/fr\/wp-json\/wp\/v2\/media?parent=3971"}],"curies":[{"name":"wp","href":"https:\/\/api.w.org\/{rel}","templated":true}]}}

<p>[et_pb_section fb_built= »1&Prime; custom_padding_last_edited= »on|phone » _builder_version= »3.21.1&Prime; use_background_color_gradient= »on » background_color_gradient_start= »rgba(0,0,0,0.73) » background_color_gradient_end= »rgba(0,0,0,0.3) » background_color_gradient_direction= »69deg » background_color_gradient_start_position= »54% » background_color_gradient_end_position= »75% » background_color_gradient_overlays_image= »on » background_image= »https://www.mado.de/wp-content/uploads/2019/03/hero-kutter.jpg » background_position= »center_left » custom_margin= »|| » custom_padding= »75px||75px||false|false » custom_padding_tablet= »100px||125px » custom_padding_phone= »75px||75px » bottom_divider_color= »#edecea » bottom_divider_flip= »horizontal » bottom_divider_height_tablet= »70px » bottom_divider_height_phone= »50px » bottom_divider_height_last_edited= »on|phone »][et_pb_row custom_padding= »50px||50px|0|false|false » custom_padding_tablet= »||| » custom_padding_phone= »||| » custom_margin= »||| » custom_padding_last_edited= »on|phone » _builder_version= »3.21.1&Prime; animation_style= »slide » animation_direction= »bottom » hover_enabled= »0&Prime;][et_pb_column type= »4_4&Prime; _builder_version= »3.0.47&Prime;][et_pb_text admin_label= »H1 &#8211; Produktkategorie » _builder_version= »3.19.18&Prime; header_text_shadow_style= »preset3&Prime; header_text_shadow_color= »#000000&Prime; background_layout= »dark » animation_direction= »bottom »]</p>
<h1>Cutters | Machines sur pieds</h1>
<p>[/et_pb_text][et_pb_text admin_label= »H4 &#8211; Subline » _builder_version= »3.19.18&Prime; text_text_shadow_style= »preset3&Prime; header_text_shadow_style= »preset3&Prime; header_text_shadow_color= »#000000&Prime; background_layout= »dark » custom_margin= »-30px|| » custom_margin_tablet= »-35px||| » custom_margin_phone= »-35px|| » custom_margin_last_edited= »on|phone » animation_direction= »bottom »]</p>
<h4>Technique de pointe pour le travail moderne de la viande</h4>
<p>[/et_pb_text][/et_pb_column][/et_pb_row][/et_pb_section][et_pb_section fb_built= »1&Prime; _builder_version= »3.21.1&Prime; background_color= »#ffffff » custom_padding= »80px|0px|80px|0px|false|false »][et_pb_row _builder_version= »3.21.1&Prime;][et_pb_column type= »4_4&Prime; _builder_version= »3.0.47&Prime;][et_pb_portfolio fullwidth= »off » posts_number= »30&Prime; include_categories= »51&Prime; show_categories= »off » show_pagination= »off » zoom_icon_color= »#ffffff » hover_overlay_color= »rgba(84,84,84,0.7) » hover_icon= »%%13%% » module_class= »product-overview » _builder_version= »3.21.1&Prime; title_level= »h6&Prime; title_font= »|||||||| » title_text_align= »center »][/et_pb_portfolio][/et_pb_column][/et_pb_row][/et_pb_section][et_pb_section fb_built= »1&Prime; _builder_version= »3.21.1&Prime; background_color= »#edecea » custom_padding= »80px|0px|80px|0px|false|false »][et_pb_row custom_padding= »27px|0px|0|0px|false|false » _builder_version= »3.21.1&Prime;][et_pb_column type= »3_5&Prime; _builder_version= »3.0.47&Prime;][et_pb_text _builder_version= »3.21.1&Prime; text_font= »|||||||| »]</p>
<h5><strong>Machines sur pieds – Cutters pour supermarchés, cuisines collectives, ventes à la ferme ou laboratoires.</strong></h5>
<p>[/et_pb_text][/et_pb_column][et_pb_column type= »2_5&Prime; _builder_version= »3.0.47&Prime;][/et_pb_column][/et_pb_row][et_pb_row custom_padding= »0|0px|27px|0px|false|false » _builder_version= »3.21.1&Prime;][et_pb_column type= »2_3&Prime; _builder_version= »3.0.47&Prime;][et_pb_text _builder_version= »3.21.1&Prime;]Les cutters de la série GARANT sont les bons outils lorsqu&rsquo;il s&rsquo;agit de confectionner charcuterie et pâtés ou réduire herbes et légumes.</p>
<p>Les cutters de MADO, le spécialiste des machines hygiéniques et rentables pour le travail de la viande, économisent du temps et de l&rsquo;argent et garantissent les meilleurs résultats dans le cuttérage de produits de qualité.<br />
<b><br />
</b>Technique de pointe pour l&rsquo;artisan dans de nombreuses variantes, de 35 à 130 Litres!</p>
<p>Elles sont conçues de manière conséquente pour les besoins différenciés du travail professionnel de la viande et des GMS. 12 variantes dans cinq tailles différentes sont à disposition. Une technique éprouvée, combinée à une commande de machine innovante, garantissent dans chaque phase de travail des résultats optimaux.[/et_pb_text][/et_pb_column][et_pb_column type= »1_3&Prime; _builder_version= »3.0.47&Prime;][/et_pb_column][/et_pb_row][/et_pb_section]</p>

<p>Cutters | Machines sur piedsTechnique de pointe pour le travail moderne de la viandeMachines sur pieds – Cutters pour supermarchés, cuisines collectives, ventes à la ferme ou laboratoires.Les cutters de la série GARANT sont les bons outils lorsqu&rsquo;il s&rsquo;agit de confectionner charcuterie et pâtés ou réduire herbes et légumes. Les cutters de MADO, le spécialiste des [&hellip;]</p>
